{"id":92,"date":"2026-03-18T14:02:21","date_gmt":"2026-03-18T14:02:21","guid":{"rendered":"https:\/\/mojewp.cz\/?page_id=84"},"modified":"2026-09-01T10:18:22","modified_gmt":"2026-09-01T10:18:22","slug":"geograficka-olympiada","status":"publish","type":"page","link":"https:\/\/www.gcelakovice.cz\/_new\/index.php\/geograficka-olympiada\/","title":{"rendered":"Geografick\u00e1 olympi\u00e1da"},"content":{"rendered":"\n<p class=\"wp-block-paragraph\"><strong>Vyhl\u00e1\u0161en\u00ed 29. ro\u010dn\u00edku Geografick\u00e9 olympi\u00e1dy<\/strong><\/p>\n\n\n\n<p class=\"wp-block-paragraph\">Term\u00edn okresn\u00edho kola &#8211; 17.2.2027<\/p>\n\n\n\n<p class=\"wp-block-paragraph\">V\u00e1\u017een\u00ed sout\u011b\u017e\u00edc\u00ed, v\u00e1\u017een\u00ed u\u010ditel\u00e9,<\/p>\n\n\n\n<p class=\"wp-block-paragraph\">v p\u0159ilo\u017een\u00e9m PDF souboru naleznete vyhl\u00e1\u0161en\u00ed 29. ro\u010dn\u00edku Geografick\u00e9 olympi\u00e1dy pro \u0161koln\u00ed rok 2026\/2027. \u0160koln\u00ed kolo sout\u011b\u017ee prob\u00edh\u00e1 stejn\u011b jako v lo\u0148sk\u00e9m \u0161koln\u00edm roce online. Pro podrobn\u011bj\u0161\u00ed informace se pod\u00edvejte do propozic nebo na webovou str\u00e1nku geografickaolympiada.cz.<\/p>\n\n\n\n<p class=\"wp-block-paragraph\">Dotazy na: jaroslav.konecny@gcelakovice.cz<\/p>\n\n\n\n<p class=\"wp-block-paragraph\">Pokud se chcete do sout\u011b\u017ee zapojit (a\u0165 u\u017e jako sout\u011b\u017e\u00edc\u00ed nebo organiz\u00e1tor), prostudujte si, pros\u00edm, p\u0159ilo\u017een\u00e9 pokyny.<\/p>\n\n\n\n<div class=\"wp-block-file\"><a id=\"wp-block-file--media-dc34ac29-af0c-4366-866a-ca4c63f105e1\" href=\"https:\/\/www.gcelakovice.cz\/_new\/wp-content\/uploads\/2026\/09\/propozice-26-27.pdf\">Propozice<\/a><a href=\"https:\/\/www.gcelakovice.cz\/_new\/wp-content\/uploads\/2026\/09\/propozice-26-27.pdf\" class=\"wp-block-file__button wp-element-button\" download aria-describedby=\"wp-block-file--media-dc34ac29-af0c-4366-866a-ca4c63f105e1\">St\u00e1hnout<\/a><\/div>\n\n\n\n<figure class=\"wp-block-image\" id=\"block-78fec079-c245-4c3d-842c-625b8068b3a6\"><img decoding=\"async\" src=\"https:\/\/www.gcelakovice.cz\/wp-content\/uploads\/2025\/10\/Snimek-obrazovky-2025-10-13-112341-1024x623.png\" alt=\"Tento obr\u00e1zek nem\u00e1 vypln\u011bn\u00fd atribut alt; n\u00e1zev souboru je Snimek-obrazovky-2025-10-13-112341-1024x623.png.\"\/><\/figure>\n","protected":false},"excerpt":{"rendered":"<p>Vyhl\u00e1\u0161en\u00ed 29. ro\u010dn\u00edku Geografick\u00e9 olympi\u00e1dy Term\u00edn okresn\u00edho kola &#8211; 17.2.2027 V\u00e1\u017een\u00ed sout\u011b\u017e\u00edc\u00ed, v\u00e1\u017een\u00ed u\u010ditel\u00e9, v p\u0159ilo\u017een\u00e9m PDF souboru naleznete vyhl\u00e1\u0161en\u00ed &hellip; <\/p>\n","protected":false},"author":1,"featured_media":0,"parent":0,"menu_order":0,"comment_status":"closed","ping_status":"closed","template":"","meta":{"ngg_post_thumbnail":0,"footnotes":""},"class_list":["post-92","page","type-page","status-publish","hentry","latest_post"],"_links":{"self":[{"href":"https:\/\/www.gcelakovice.cz\/_new\/index.php\/wp-json\/wp\/v2\/pages\/92","targetHints":{"allow":["GET"]}}],"collection":[{"href":"https:\/\/www.gcelakovice.cz\/_new\/index.php\/wp-json\/wp\/v2\/pages"}],"about":[{"href":"https:\/\/www.gcelakovice.cz\/_new\/index.php\/wp-json\/wp\/v2\/types\/page"}],"author":[{"embeddable":true,"href":"https:\/\/www.gcelakovice.cz\/_new\/index.php\/wp-json\/wp\/v2\/users\/1"}],"replies":[{"embeddable":true,"href":"https:\/\/www.gcelakovice.cz\/_new\/index.php\/wp-json\/wp\/v2\/comments?post=92"}],"version-history":[{"count":3,"href":"https:\/\/www.gcelakovice.cz\/_new\/index.php\/wp-json\/wp\/v2\/pages\/92\/revisions"}],"predecessor-version":[{"id":1439,"href":"https:\/\/www.gcelakovice.cz\/_new\/index.php\/wp-json\/wp\/v2\/pages\/92\/revisions\/1439"}],"wp:attachment":[{"href":"https:\/\/www.gcelakovice.cz\/_new\/index.php\/wp-json\/wp\/v2\/media?parent=92"}],"curies":[{"name":"wp","href":"https:\/\/api.w.org\/{rel}","templated":true}]}}

Geografická olympiáda

<p class="wp-block-paragraph"><strong>Vyhlášení 29. ročníku Geografické olympiády</strong></p>



<p class="wp-block-paragraph">Termín okresního kola &#8211; 17.2.2027</p>



<p class="wp-block-paragraph">Vážení soutěžící, vážení učitelé,</p>



<p class="wp-block-paragraph">v přiloženém PDF souboru naleznete vyhlášení 29. ročníku Geografické olympiády pro školní rok 2026/2027. Školní kolo soutěže probíhá stejně jako v loňském školním roce online. Pro podrobnější informace se podívejte do propozic nebo na webovou stránku geografickaolympiada.cz.</p>



<p class="wp-block-paragraph">Dotazy na: jaroslav.konecny@gcelakovice.cz</p>



<p class="wp-block-paragraph">Pokud se chcete do soutěže zapojit (ať už jako soutěžící nebo organizátor), prostudujte si, prosím, přiložené pokyny.</p>



<div class="wp-block-file"><a id="wp-block-file--media-dc34ac29-af0c-4366-866a-ca4c63f105e1" href="https://www.gcelakovice.cz/_new/wp-content/uploads/2026/09/propozice-26-27.pdf">Propozice</a><a href="https://www.gcelakovice.cz/_new/wp-content/uploads/2026/09/propozice-26-27.pdf" class="wp-block-file__button wp-element-button" download aria-describedby="wp-block-file--media-dc34ac29-af0c-4366-866a-ca4c63f105e1">Stáhnout</a></div>



<figure class="wp-block-image" id="block-78fec079-c245-4c3d-842c-625b8068b3a6"><img decoding="async" src="https://www.gcelakovice.cz/wp-content/uploads/2025/10/Snimek-obrazovky-2025-10-13-112341-1024x623.png" alt="Tento obrázek nemá vyplněný atribut alt; název souboru je Snimek-obrazovky-2025-10-13-112341-1024x623.png."/></figure>

<p>Vyhlášení 29. ročníku Geografické olympiády Termín okresního kola &#8211; 17.2.2027 Vážení soutěžící, vážení učitelé, v přiloženém PDF souboru naleznete vyhlášení &hellip; </p>
